941 a multiple of 29?
False
Is 19 a factor of 532885?
False
Is 8260840 a multiple of 14?
True
Is 1384728 a multiple of 4?
True
Is 196 a factor of 196524?
False
Does 8 divide 9028938?
False
Is 257 a factor of 2366970?
True
Is 38 a factor of 517337?
False
Is 296 a factor of 9740768?
True
Is 204 a factor of 168489?
False
Does 23 divide 14427?
False
Is 105 a factor of 139755?
True
Is 24 a factor of 1661493?
False
Does 10 divide 357940?
True
Does 88 divide 2357960?
True
Does 3 divide 25038?
True
Is 403 a factor of 1300884?
True
Is 524 a factor of 162440?
True
Is 26 a factor of 2288670?
False
Is 8 a factor of 517632?
True
Does 6 divide 2169593?
False
Does 22 divide 300461?
False
Is 86064 a multiple of 16?
True
Is 180954 a multiple of 28?
False
Does 38 divide 2833022?
False
Is 606538 a multiple of 29?
False
Does 22 divide 101070?
False
Is 461 a factor of 1961672?
False
Is 244368 a multiple of 16?
True
Does 400 divide 1756896?
False
Does 43 divide 358878?
True
Is 2 a factor of 58328?
True
Is 1021319 a multiple of 4?
False
Is 3 a factor of 3384?
True
Is 2349442 a multiple of 103?
False
Is 500409 a multiple of 7?
True
Is 1333721 a multiple of 11?
False
Is 571900 a multiple of 175?
True
Is 69 a factor of 1254593?
False
Is 19 a factor of 652745?
True
Is 10 a factor of 457830?
True
Does 28 divide 18572568?
True
Is 497230 a multiple of 31?
False
Is 69900 a multiple of 30?
True
Is 190889 a multiple of 16?
False
Does 2 divide 80859?
False
Is 352866 a multiple of 23?
True
Is 1991 a multiple of 2?
False
Does 57 divide 251313?
True
Does 2 divide 27635?
False
Is 36 a factor of 574020?
True
Is 61 a factor of 2530341?
True
Is 17486012 a multiple of 154?
False
Is 123 a factor of 2029992?
True
Is 4893309 a multiple of 5?
False
Is 1914345 a multiple of 95?
True
Is 3 a factor of 37467?
True
Is 174 a factor of 2140374?
True
Is 84 a factor of 1818188?
False
Does 61 divide 706990?
True
Does 317 divide 300575?
False
Is 8 a factor of 8364584?
True
Is 77952 a multiple of 28?
True
Does 106 divide 998944?
True
Does 136 divide 18773588?
False
Is 9 a factor of 1299522?
False
Does 347 divide 375801?
True
Is 38294 a multiple of 82?
True
Is 746 a factor of 3067283?
False
Does 496 divide 700635?
False
Is 103600 a multiple of 28?
True
Is 505 a factor of 56871?
False
Does 278 divide 217195?
False
Is 1644577 a multiple of 11?
True
Is 415 a factor of 229080?
True
Is 160 a factor of 331840?
True
Is 2 a factor of 226715?
False
Is 102 a factor of 629659?
False
Is 49 a factor of 3381392?
True
Does 50 divide 559300?
True
Is 2 a factor of 17043?
False
Is 6 a factor of 2681404?
False
Does 11 divide 2246288?
True
Does 512 divide 1099264?
True
Is 10 a factor of 271659?
False
Does 141 divide 12766?
False
Is 34 a factor of 280473?
False
Is 49632 a multiple of 16?
True
Does 28 divide 263116?
True
Is 52824 a multiple of 12?
True
Does 24 divide 21195026?
False
Is 7072 a multiple of 104?
True
Is 1858081 a multiple of 545?
False
Is 2 a factor of 61582?
True
Is 15 a factor of 5447?
False
Does 11 divide 786709?
True
Does 254 divide 102687?
False
Is 11 a factor of 9805374?
False
Does 95 divide 3347359?
False
Is 4 a factor of 21895?
False
Does 33 divide 870209?
False
Is 339002 a multiple of 194?
False
Is 187778 a multiple of 14?
False
Does 416 divide 4489056?
True
Is 11 a factor of 475838?
True
Is 3794988 a multiple of 687?
True
Does 1323 divide 2712370?
False
Is 17265224 a multiple of 23?
False
Is 1581747 a multiple of 29?
True
Is 414 a factor of 87092?
False
Does 308 divide 56980?
True
Is 148 a factor of 124172?
True
Is 210 a factor of 397530?
True
Is 191574 a multiple of 58?
True
Does 105 divide 1275540?
True
Is 4 a factor of 5906808?
True
Is 133029 a multiple of 351?
True
Does 9 divide 202699?
False
Does 15 divide 2145806?
False
Is 44548 a multiple of 74?
True
Is 24 a factor of 530232?
True
Is 9 a factor of 179882?
False
Is 102 a factor of 3997890?
True
Is 103 a factor of 261889?
False
Does 20 divide 64940?
True
Does 215 divide 615330?
True
Does 1370 divide 576332?
False
Does 297 divide 131494?
False
Is 31 a factor of 2914?
True
Is 5 a factor of 937535?
True
Does 259 divide 1762489?
False
Is 12 a factor of 1625988?
True
Does 60 divide 19617835?
False
Is 646534 a multiple of 96?
False
Is 10464080 a multiple of 188?
True
Is 48 a factor of 6463021?
False
Does 26 divide 2978447?
False
Does 532 divide 43624?
True
Is 641599 even?
False
Is 28 a factor of 729589?
False
Is 1544794 a multiple of 64?
False
Is 743478 a multiple of 81?
False
Is 69 a factor of 1842783?
True
Is 7 a factor of 1025856?
False
Is 42 a factor of 6452?
False
Is 4587635 a multiple of 2165?
True
Does 53 divide 2447797?
False
Is 430688 a multiple of 626?
True
Is 43 a factor of 624404?
False
Is 23891511 a multiple of 357?
True
Is 11893504 a multiple of 8?
True
Is 662 a factor of 9682412?
True
Is 1259471 a multiple of 9?
False
Is 231979 a multiple of 573?
False
Does 251 divide 7168058?
True
Is 2 a factor of 89714?
True
Is 1552321 a multiple of 17?
True
Is 57120 a multiple of 120?
True
Is 150086 a multiple of 9?
False
Is 1946557 a multiple of 73?
False
Is 10 a factor of 67710?
True
Is 13 a factor of 654660?
False
Is 583 a factor of 1641232?
False
Is 22 a factor of 128084?
True
Is 5340220 a multiple of 838?
False
Is 21 a factor of 7228?
False
Is 2703633 a multiple of 879?
False
Is 75 a factor of 582975?
True
Is 13 a factor of 1611493?
True
Is 131364 a multiple of 9?
True
Is 389952 a multiple of 6?
True
Does 39 divide 72774?
True
Does 12 divide 209138?
False
Does 20 divide 280?
True
Is 408870 a multiple of 77?
True
Is 1654627 a multiple of 17?
True
Does 22 divide 3378?
False
Does 28 divide 813342?
False
Is 194 a factor of 4730884?
True
Is 466171 a multiple of 43?
False
Does 238 divide 1321029?
False
Is 2795225 a multiple of 85?
True
Does 23 divide 1753221?
True
Does 13 divide 42847?
False
Is 28 a factor of 303567?
False
Is 16 a factor of 3076848?
True
Is 98389 a multiple of 512?
False
Is 420140 a multiple of 140?
True
Does 40 divide 163960?
True
Is 614 a factor of 219990?
False
Is 932338 a multiple of 157?
False
Is 51 a factor of 451933?
False
Is 666900 a multiple of 45?
True
Is 4309000 a multiple of 1000?
True
Is 2138149 a multiple of 299?
True
Is 4 a factor of 6663042?
False
Is 614723 a multiple of 89?
True
Is 503875 even?
False
Is 16 a factor of 3139853?
False
Does 32 divide 271099?
False
Is 6049620 a multiple of 17?
True
Is 488 a factor of 88328?
True
Does 21 divide 739873?
False
Does 27 divide 6510846?
False
Does 11 divide 1473373?
True
Does 23 divide 3030979?
False
Does 272 divide 2464752?
False
Is 152278 a multiple of 53?
False
Is 14 a factor of 2734928?
True
Is 46948 a multiple of 388?
True
Is 143996 a multiple of 18?
False
Is 10 a factor of 2927370?
True
Is 616534 a multiple of 6?
False
Is 213253 a multiple of 42?
False
Is 14 a factor of 2762956?
True
Does 244 divide 2860216?
False
Does 12 divide 1450260?
True
Is 5 a factor of 518805?
True
Is 27646 even?
True
Is 13750288 a multiple of 792?
False
Is 68 a factor of 769488?
True
Is 273740 a multiple of 10?
True
Is 2 a factor of 36793?
False
Is 4690662 a multiple of 83?
True
Does 395 divide 20924627?
False
Is 20 a factor of 2345341?
False
Does 173 divide 686893?
False
Does 1387 divide 2569831?
False
Is 20 a factor of 134409?
False
Does 101 divide 235369?
False
Is 62166 a multiple of 25?
False
Is 944059 a multiple of 9?
False
Is 2 a factor of 1077467?
False
Is 7190 even?
True
Does 210 divide 370737?
False
Is 368250 a multiple of 10?
True
Is 1149880 a multiple of 10?
True
Is 28 a factor of 737145?
False
Does 440 divide 34760?
True
Is 32 a factor of 2678656?
True
Is 29 a factor of 3771688?
False
Does 27 divide 262031?
False
Is 8046434 a multiple of 22?
True
Is 160770 a multiple of 6?
True
Is 703 a factor of 3668957?
True
Does 16 divide 1310240?
True
Does 5 divide 418971?
False
Is 11 a factor of 97097?
True
Is 13 a factor of 7045494?
False
Is 408 a factor of 87936?
False
Is 7229495 a multiple of 13?
True
Does 346 divide 9751?
False
Is 611 a factor of 388330?
False
Does 27 divide 47277?
True
Is 2 a factor of 21830?
True
Does 20 divide 11236573?
False
Is 45480 a multiple of 23?
False
Does 250 divide 783702?
False
Is 171 a factor of 352773?
True
Does 10 divide 410020?
True
Is 432 a factor of 20